{"id":8533,"date":"2026-01-12T12:58:04","date_gmt":"2026-01-12T12:58:04","guid":{"rendered":"https:\/\/properties.france-room.fr\/?post_type=location-saisonniere&#038;p=8533"},"modified":"2026-01-12T13:02:46","modified_gmt":"2026-01-12T13:02:46","slug":"t2-rdc-la-major","status":"publish","type":"location-saisonniere","link":"https:\/\/properties.france-room.fr\/en\/location-saisonniere\/t2-rdc-la-major","title":{"rendered":"T2 RDC LA MAJOR"},"featured_media":8535,"template":"","class_list":["post-8533","location-saisonniere","type-location-saisonniere","status-publish","has-post-thumbnail","hentry"],"yoast_head":"<!-- This site is optimized with the Yoast SEO plugin v26.0 - https:\/\/yoast.com\/wordpress\/plugins\/seo\/ -->\n<title>T2 RDC LA MAJOR - FRANCE ROOM<\/title>\n<meta name=\"robots\" content=\"index, follow, max-snippet:-1, max-image-preview:large, max-video-preview:-1\" \/>\n<link rel=\"canonical\" href=\"https:\/\/properties.france-room.fr\/en\/location-saisonniere\/t2-rdc-la-major\/\" \/>\n<meta property=\"og:locale\" content=\"en_GB\" \/>\n<meta property=\"og:type\" content=\"article\" \/>\n<meta property=\"og:title\" content=\"T2 RDC LA MAJOR - FRANCE ROOM\" \/>\n<meta property=\"og:url\" content=\"https:\/\/properties.france-room.fr\/en\/location-saisonniere\/t2-rdc-la-major\/\" \/>\n<meta property=\"og:site_name\" content=\"FRANCE ROOM\" \/>\n<meta property=\"article:publisher\" content=\"https:\/\/fb.me\/FranceRoom.SARL\" \/>\n<meta property=\"article:modified_time\" content=\"2026-01-12T13:02:46+00:00\" \/>\n<meta property=\"og:image\" content=\"https:\/\/properties.france-room.fr\/wp-content\/uploads\/2026\/01\/shoootin-photo-2-scaled.jpg\" \/>\n\t<meta property=\"og:image:width\" content=\"2560\" \/>\n\t<meta property=\"og:image:height\" content=\"1707\" \/>\n\t<meta property=\"og:image:type\" content=\"image\/jpeg\" \/>\n<meta name=\"twitter:card\" content=\"summary_large_image\" \/>\n<meta name=\"twitter:label1\" content=\"Estimated reading time\" \/>\n\t<meta name=\"twitter:data1\" content=\"1 minute\" \/>\n<script type=\"application\/ld+json\" class=\"yoast-schema-graph\">{\"@context\":\"https:\/\/schema.org\",\"@graph\":[{\"@type\":\"WebPage\",\"@id\":\"https:\/\/properties.france-room.fr\/location-saisonniere\/t2-rdc-la-major\",\"url\":\"https:\/\/properties.france-room.fr\/location-saisonniere\/t2-rdc-la-major\",\"name\":\"T2 RDC LA MAJOR - FRANCE ROOM\",\"isPartOf\":{\"@id\":\"https:\/\/properties.france-room.fr\/#website\"},\"primaryImageOfPage\":{\"@id\":\"https:\/\/properties.france-room.fr\/location-saisonniere\/t2-rdc-la-major#primaryimage\"},\"image\":{\"@id\":\"https:\/\/properties.france-room.fr\/location-saisonniere\/t2-rdc-la-major#primaryimage\"},\"thumbnailUrl\":\"https:\/\/properties.france-room.fr\/wp-content\/uploads\/2026\/01\/shoootin-photo-2-scaled.jpg\",\"datePublished\":\"2026-01-12T12:58:04+00:00\",\"dateModified\":\"2026-01-12T13:02:46+00:00\",\"breadcrumb\":{\"@id\":\"https:\/\/properties.france-room.fr\/location-saisonniere\/t2-rdc-la-major#breadcrumb\"},\"inLanguage\":\"en-GB\",\"potentialAction\":[{\"@type\":\"ReadAction\",\"target\":[\"https:\/\/properties.france-room.fr\/location-saisonniere\/t2-rdc-la-major\"]}]},{\"@type\":\"ImageObject\",\"inLanguage\":\"en-GB\",\"@id\":\"https:\/\/properties.france-room.fr\/location-saisonniere\/t2-rdc-la-major#primaryimage\",\"url\":\"https:\/\/properties.france-room.fr\/wp-content\/uploads\/2026\/01\/shoootin-photo-2-scaled.jpg\",\"contentUrl\":\"https:\/\/properties.france-room.fr\/wp-content\/uploads\/2026\/01\/shoootin-photo-2-scaled.jpg\",\"width\":2560,\"height\":1707,\"caption\":\"Appartement T2 climatis\u00e9 de Standing \u2013 Quartier Le Panier\"},{\"@type\":\"BreadcrumbList\",\"@id\":\"https:\/\/properties.france-room.fr\/location-saisonniere\/t2-rdc-la-major#breadcrumb\",\"itemListElement\":[{\"@type\":\"ListItem\",\"position\":1,\"name\":\"Location saisonni\u00e8re\",\"item\":\"https:\/\/properties.france-room.fr\/location-saisonniere\"},{\"@type\":\"ListItem\",\"position\":2,\"name\":\"T2 RDC LA MAJOR\"}]},{\"@type\":\"WebSite\",\"@id\":\"https:\/\/properties.france-room.fr\/#website\",\"url\":\"https:\/\/properties.france-room.fr\/\",\"name\":\"France Room\",\"description\":\"Agence immobili\u00e8re : Airbnb, colocation, bail mobilit\u00e9 et longue dur\u00e9e, Transaction\",\"publisher\":{\"@id\":\"https:\/\/properties.france-room.fr\/#organization\"},\"potentialAction\":[{\"@type\":\"SearchAction\",\"target\":{\"@type\":\"EntryPoint\",\"urlTemplate\":\"https:\/\/properties.france-room.fr\/?s={search_term_string}\"},\"query-input\":{\"@type\":\"PropertyValueSpecification\",\"valueRequired\":true,\"valueName\":\"search_term_string\"}}],\"inLanguage\":\"en-GB\"},{\"@type\":\"Organization\",\"@id\":\"https:\/\/properties.france-room.fr\/#organization\",\"name\":\"France Room\",\"url\":\"https:\/\/properties.france-room.fr\/\",\"logo\":{\"@type\":\"ImageObject\",\"inLanguage\":\"en-GB\",\"@id\":\"https:\/\/properties.france-room.fr\/#\/schema\/logo\/image\/\",\"url\":\"https:\/\/properties.france-room.fr\/wp-content\/uploads\/2023\/12\/FRANCE-ROOM.png\",\"contentUrl\":\"https:\/\/properties.france-room.fr\/wp-content\/uploads\/2023\/12\/FRANCE-ROOM.png\",\"width\":1100,\"height\":509,\"caption\":\"France Room\"},\"image\":{\"@id\":\"https:\/\/properties.france-room.fr\/#\/schema\/logo\/image\/\"},\"sameAs\":[\"https:\/\/fb.me\/FranceRoom.SARL\",\"https:\/\/www.instagram.com\/franceroomsarl\/\",\"https:\/\/linkedin.com\/company\/france-room\"]}]}<\/script>\n<!-- \/ Yoast SEO plugin. -->","yoast_head_json":{"title":"T2 RDC LA MAJOR - FRANCE ROOM","robots":{"index":"index","follow":"follow","max-snippet":"max-snippet:-1","max-image-preview":"max-image-preview:large","max-video-preview":"max-video-preview:-1"},"canonical":"https:\/\/properties.france-room.fr\/en\/location-saisonniere\/t2-rdc-la-major\/","og_locale":"en_GB","og_type":"article","og_title":"T2 RDC LA MAJOR - FRANCE ROOM","og_url":"https:\/\/properties.france-room.fr\/en\/location-saisonniere\/t2-rdc-la-major\/","og_site_name":"FRANCE ROOM","article_publisher":"https:\/\/fb.me\/FranceRoom.SARL","article_modified_time":"2026-01-12T13:02:46+00:00","og_image":[{"width":2560,"height":1707,"url":"https:\/\/properties.france-room.fr\/wp-content\/uploads\/2026\/01\/shoootin-photo-2-scaled.jpg","type":"image\/jpeg"}],"twitter_card":"summary_large_image","twitter_misc":{"Estimated reading time":"1 minute"},"schema":{"@context":"https:\/\/schema.org","@graph":[{"@type":"WebPage","@id":"https:\/\/properties.france-room.fr\/location-saisonniere\/t2-rdc-la-major","url":"https:\/\/properties.france-room.fr\/location-saisonniere\/t2-rdc-la-major","name":"T2 RDC LA MAJOR - FRANCE ROOM","isPartOf":{"@id":"https:\/\/properties.france-room.fr\/#website"},"primaryImageOfPage":{"@id":"https:\/\/properties.france-room.fr\/location-saisonniere\/t2-rdc-la-major#primaryimage"},"image":{"@id":"https:\/\/properties.france-room.fr\/location-saisonniere\/t2-rdc-la-major#primaryimage"},"thumbnailUrl":"https:\/\/properties.france-room.fr\/wp-content\/uploads\/2026\/01\/shoootin-photo-2-scaled.jpg","datePublished":"2026-01-12T12:58:04+00:00","dateModified":"2026-01-12T13:02:46+00:00","breadcrumb":{"@id":"https:\/\/properties.france-room.fr\/location-saisonniere\/t2-rdc-la-major#breadcrumb"},"inLanguage":"en-GB","potentialAction":[{"@type":"ReadAction","target":["https:\/\/properties.france-room.fr\/location-saisonniere\/t2-rdc-la-major"]}]},{"@type":"ImageObject","inLanguage":"en-GB","@id":"https:\/\/properties.france-room.fr\/location-saisonniere\/t2-rdc-la-major#primaryimage","url":"https:\/\/properties.france-room.fr\/wp-content\/uploads\/2026\/01\/shoootin-photo-2-scaled.jpg","contentUrl":"https:\/\/properties.france-room.fr\/wp-content\/uploads\/2026\/01\/shoootin-photo-2-scaled.jpg","width":2560,"height":1707,"caption":"Appartement T2 climatis\u00e9 de Standing \u2013 Quartier Le Panier"},{"@type":"BreadcrumbList","@id":"https:\/\/properties.france-room.fr\/location-saisonniere\/t2-rdc-la-major#breadcrumb","itemListElement":[{"@type":"ListItem","position":1,"name":"Location saisonni\u00e8re","item":"https:\/\/properties.france-room.fr\/location-saisonniere"},{"@type":"ListItem","position":2,"name":"T2 RDC LA MAJOR"}]},{"@type":"WebSite","@id":"https:\/\/properties.france-room.fr\/#website","url":"https:\/\/properties.france-room.fr\/","name":"France Room","description":"Agence immobili\u00e8re : Airbnb, colocation, bail mobilit\u00e9 et longue dur\u00e9e, Transaction","publisher":{"@id":"https:\/\/properties.france-room.fr\/#organization"},"potentialAction":[{"@type":"SearchAction","target":{"@type":"EntryPoint","urlTemplate":"https:\/\/properties.france-room.fr\/?s={search_term_string}"},"query-input":{"@type":"PropertyValueSpecification","valueRequired":true,"valueName":"search_term_string"}}],"inLanguage":"en-GB"},{"@type":"Organization","@id":"https:\/\/properties.france-room.fr\/#organization","name":"France Room","url":"https:\/\/properties.france-room.fr\/","logo":{"@type":"ImageObject","inLanguage":"en-GB","@id":"https:\/\/properties.france-room.fr\/#\/schema\/logo\/image\/","url":"https:\/\/properties.france-room.fr\/wp-content\/uploads\/2023\/12\/FRANCE-ROOM.png","contentUrl":"https:\/\/properties.france-room.fr\/wp-content\/uploads\/2023\/12\/FRANCE-ROOM.png","width":1100,"height":509,"caption":"France Room"},"image":{"@id":"https:\/\/properties.france-room.fr\/#\/schema\/logo\/image\/"},"sameAs":["https:\/\/fb.me\/FranceRoom.SARL","https:\/\/www.instagram.com\/franceroomsarl\/","https:\/\/linkedin.com\/company\/france-room"]}]}},"_links":{"self":[{"href":"https:\/\/properties.france-room.fr\/en\/wp-json\/wp\/v2\/location-saisonniere\/8533","targetHints":{"allow":["GET"]}}],"collection":[{"href":"https:\/\/properties.france-room.fr\/en\/wp-json\/wp\/v2\/location-saisonniere"}],"about":[{"href":"https:\/\/properties.france-room.fr\/en\/wp-json\/wp\/v2\/types\/location-saisonniere"}],"wp:featuredmedia":[{"embeddable":true,"href":"https:\/\/properties.france-room.fr\/en\/wp-json\/wp\/v2\/media\/8535"}],"wp:attachment":[{"href":"https:\/\/properties.france-room.fr\/en\/wp-json\/wp\/v2\/media?parent=8533"}],"curies":[{"name":"wp","href":"https:\/\/api.w.org\/{rel}","templated":true}]}}

<!-- This site is optimized with the Yoast SEO plugin v26.0 - https://yoast.com/wordpress/plugins/seo/ -->
<title>T2 RDC LA MAJOR - FRANCE ROOM</title>
<meta name="robots" content="index, follow, max-snippet:-1, max-image-preview:large, max-video-preview:-1" />
<link rel="canonical" href="https://properties.france-room.fr/en/location-saisonniere/t2-rdc-la-major/" />
<meta property="og:locale" content="en_GB" />
<meta property="og:type" content="article" />
<meta property="og:title" content="T2 RDC LA MAJOR - FRANCE ROOM" />
<meta property="og:url" content="https://properties.france-room.fr/en/location-saisonniere/t2-rdc-la-major/" />
<meta property="og:site_name" content="FRANCE ROOM" />
<meta property="article:publisher" content="https://fb.me/FranceRoom.SARL" />
<meta property="article:modified_time" content="2026-01-12T13:02:46+00:00" />
<meta property="og:image" content="https://properties.france-room.fr/wp-content/uploads/2026/01/shoootin-photo-2-scaled.jpg" />
	<meta property="og:image:width" content="2560" />
	<meta property="og:image:height" content="1707" />
	<meta property="og:image:type" content="image/jpeg" />
<meta name="twitter:card" content="summary_large_image" />
<meta name="twitter:label1" content="Estimated reading time" />
	<meta name="twitter:data1" content="1 minute" />
<script type="application/ld+json" class="yoast-schema-graph">{"@context":"https://schema.org","@graph":[{"@type":"WebPage","@id":"https://properties.france-room.fr/location-saisonniere/t2-rdc-la-major","url":"https://properties.france-room.fr/location-saisonniere/t2-rdc-la-major","name":"T2 RDC LA MAJOR - FRANCE ROOM","isPartOf":{"@id":"https://properties.france-room.fr/#website"},"primaryImageOfPage":{"@id":"https://properties.france-room.fr/location-saisonniere/t2-rdc-la-major#primaryimage"},"image":{"@id":"https://properties.france-room.fr/location-saisonniere/t2-rdc-la-major#primaryimage"},"thumbnailUrl":"https://properties.france-room.fr/wp-content/uploads/2026/01/shoootin-photo-2-scaled.jpg","datePublished":"2026-01-12T12:58:04+00:00","dateModified":"2026-01-12T13:02:46+00:00","breadcrumb":{"@id":"https://properties.france-room.fr/location-saisonniere/t2-rdc-la-major#breadcrumb"},"inLanguage":"en-GB","potentialAction":[{"@type":"ReadAction","target":["https://properties.france-room.fr/location-saisonniere/t2-rdc-la-major"]}]},{"@type":"ImageObject","inLanguage":"en-GB","@id":"https://properties.france-room.fr/location-saisonniere/t2-rdc-la-major#primaryimage","url":"https://properties.france-room.fr/wp-content/uploads/2026/01/shoootin-photo-2-scaled.jpg","contentUrl":"https://properties.france-room.fr/wp-content/uploads/2026/01/shoootin-photo-2-scaled.jpg","width":2560,"height":1707,"caption":"Appartement T2 climatisé de Standing – Quartier Le Panier"},{"@type":"BreadcrumbList","@id":"https://properties.france-room.fr/location-saisonniere/t2-rdc-la-major#breadcrumb","itemListElement":[{"@type":"ListItem","position":1,"name":"Location saisonnière","item":"https://properties.france-room.fr/location-saisonniere"},{"@type":"ListItem","position":2,"name":"T2 RDC LA MAJOR"}]},{"@type":"WebSite","@id":"https://properties.france-room.fr/#website","url":"https://properties.france-room.fr/","name":"France Room","description":"Agence immobilière : Airbnb, colocation, bail mobilité et longue durée, Transaction","publisher":{"@id":"https://properties.france-room.fr/#organization"},"potentialAction":[{"@type":"SearchAction","target":{"@type":"EntryPoint","urlTemplate":"https://properties.france-room.fr/?s={search_term_string}"},"query-input":{"@type":"PropertyValueSpecification","valueRequired":true,"valueName":"search_term_string"}}],"inLanguage":"en-GB"},{"@type":"Organization","@id":"https://properties.france-room.fr/#organization","name":"France Room","url":"https://properties.france-room.fr/","logo":{"@type":"ImageObject","inLanguage":"en-GB","@id":"https://properties.france-room.fr/#/schema/logo/image/","url":"https://properties.france-room.fr/wp-content/uploads/2023/12/FRANCE-ROOM.png","contentUrl":"https://properties.france-room.fr/wp-content/uploads/2023/12/FRANCE-ROOM.png","width":1100,"height":509,"caption":"France Room"},"image":{"@id":"https://properties.france-room.fr/#/schema/logo/image/"},"sameAs":["https://fb.me/FranceRoom.SARL","https://www.instagram.com/franceroomsarl/","https://linkedin.com/company/france-room"]}]}</script>
<!-- / Yoast SEO plugin. -->

Appartement T2 climatisé de Standing – Quartier Le Panier

Location saisonnière

Agence immobilière : Airbnb, colocation, bail mobilité et longue durée, Transaction
